 + 4. Let j(l) = 2*l**2 + 5*l**2 - 4*l**2 - 2*l**2 + k - 5*l. Determine j(4).
0
Let c(r) = 4*r**2 - r**3 - 9 - 10 + 27 - 10. Let t be 5/20 - 37/4. Let v(w) = -w**2 - 9*w + 4. Let d be v(t). Calculate c(d).
-2
Let y(s) = -3*s + 37. Let b be y(8). Let k = 7 + -4. Suppose -2*q - k = -b. Let u(g) = -g**2 + 5*g + 2. Determine u(q).
2
Let u = -94 - -81. Let c(x) = x**3 + 14*x**2 + 15*x + 9. Calculate c(u).
-17
Suppose f + 9 = 2*i - 2*f, -i = -2*f - 5. Let v(o) = -o**2 - o + 1. Give v(i).
-11
Let z(b) = b. Let c(g) = 2*g. Let k be c(-8). Let s = k - -14. Calculate z(s).
-2
Let k(m) = -1. Suppose 2*c - y + 3 = 0, -5*y + 26 = 2*c - 1. Let a(b) = -b**2 + 8*b + 2. Let d(v) = c*a(v) + 4*k(v). What is d(6)?
10
Let r(n) = -n**3 + 4*n**2 + 2*n - 1. Suppose -2*q + 8 = 10*k - 8*k, 2*k + 3*q = 8. Calculate r(k).
7
Let k(t) = 3*t**3 - 13*t**2 + 7*t - 4. Let q(p) = 2*p**3 - 9*p**2 + 5*p - 3. Let u(y) = -5*k(y) + 7*q(y). Let n be (-4)/12 - 4/6. Calculate u(n).
2
Let v(d) = 4*d + d - 18 - 32 + 20. Calculate v(5).
-5
Let q(x) be the third derivative of x**5/60 + x**4/24 - 2*x**3 + 10*x**2. Suppose 0 = 3*b - 5*b. Suppose -2*f - 4*d + b = -20, -3*f - 3*d = -15. Determine q(f).
-12
Let i(m) = 33 + 3*m**2 + 32 - m**3 - 92 + 29. Give i(3).
2
Let a(x) = -x**3 + 7*x**2 + 10*x - 9. Let d(l) = -l**2 - 3*l + 8. Let z be d(0). Give a(z).
7
Let r(j) = 4*j + 17. Let t(i) = i - 9. Let l be t(6). Let b(s) be the third derivative of s**4/12 + 4*s**3/3 - 5*s**2. Let f(n) = l*r(n) + 7*b(n). Give f(-5).
-5
Let g(j) = -j**3 + 3*j**2 + 2*j - 1. Let f(o) = o**2 - 5*o - 11. Let r be f(-2). Calculate g(r).
5
Let m(a) = -a**2 + 4*a + 12*a - 8*a. Suppose 3*f - 12 = 0, 7*x = 2*x + 4*f + 14. Calculate m(x).
12
Suppose 26 = -6*g + 14. Let i(t) = -2*t**2 + 3*t + 1. What is i(g)?
-13
Let t(j) = -4*j - 3. Let i(m) be the third derivative of -m**4/6 - m**3/2 - 9*m**2. Let g(o) = 3*i(o) - 4*t(o). Give g(4).
19
Let a(k) = 3*k. Let s be 3/(66/4) + 27/33. Let v(c) = 2*c**2 - c + 1. Let p be v(s). Calculate a(p).
6
Let o(n) = n**2 - 11*n + 4. Suppose 16 = 7*d - 40. What is o(d)?
-20
Let w(k) = -k**3 - 3*k**2 + k + 2. Let m be (-1 + -1)*(-17 - -16). Suppose -3 = -m*x + 1. Suppose 14 = -4*z + x*f, -f - 16 = 5*z - 2*f. What is w(z)?
-1
Let l(a) = 4*a + 10 + 7*a - 2 - 4*a. Let t(n) = -11*n - 12. Let h(x) = 8*l(x) + 5*t(x). Give h(-6).
-2
Let k(w) = w**3 - 5*w**2 + 3*w - 7. Let r = -1 + 3. Suppose 4 = r*g - 2. Suppose -4 - g = -3*m - 4*x, 3 = m + x. What is k(m)?
8
Let y(l) = 4*l**3 - 3*l**2 - 33*l - 1. Let p(f) = -f**3 + f**2 + 8*f. Let w(t) = 9*p(t) + 2*y(t). Determine w(4).
6
Suppose -5*v + 3*v - 2*n + 16 = 0, 3*v + n = 20. Let a(g) = 2*g + 1. Let m(j) = j + 2. Let d(r) = 2*a(r) - 3*m(r). Determine d(v).
2
Let o(u) = 11*u**3 + 2*u**2 - 8*u - 2. Let q(z) = -8*z**3 + 7*z + 3. Let r(t) = 3*o(t) + 4*q(t). Determine r(-6).
-18
Suppose 3*r + 3 = 3*a, 5*a - 17 - 8 = 0. Suppose -2*w - 2 = -r. Let o be (-3)/(-6)*0 + w. Let g(j) = 5*j - 1. Determine g(o).
4
Let l(d) = 4*d**2 + 33*d - 40. Let z(r) be the first derivative of r**3/3 + 11*r**2/2 - 13*r + 10. Let j(m) = -2*l(m) + 7*z(m). What is j(9)?
7
Let m(r) = -4*r**3 - 2*r**2 + 10*r + 9. Let c(u) = u**3 + u**2 - 3*u - 3. Suppose 0 = 2*t - 5*t + 6. Let j(a) = t*m(a) + 7*c(a). What is j(3)?
-6
Let c(f) = -f**2 + 14*f + 19. Let r be c(15). Suppose r*i - 17 = -i + 4*g, 0 = -3*i + 3*g + 9. Let q(z) = -5 + i*z + 0*z - 4*z. Give q(5).
0
Let h(t) be the third derivative of t**5/60 - 3*t**4/8 + 7*t**3/3 - t**2 - 30. Determine h(4).
-6
Let x(a) be the first derivative of -1/3*a**3 + 2*a**2 + 1 - 1/12*a**4 - 5*a. Let z(v) be the first derivative of x(v). Calculate z(-4).
-4
Let v(s) be the second derivative of -2/3*s**3 + 9*s + 0*s**2 + 0 + 0*s**4 - 1/90*s**6 + 0*s**5. Let t(w) be the second derivative of v(w). Calculate t(1).
-4
Let j(w) = -10*w**2 + w - 381 + 4*w**3 - 2*w**3 - w**3 + 371. Determine j(10).
0
Let x(c) be the second derivative of -c**4/12 - 3*c**3/2 - 3*c**2 - 13*c + 1. Give x(-6).
12
Let n(o) = o**3 - 13. Let f(h) = 4*h**2 + 2*h - 2. Let t be f(-2). Suppose -3*c + t = 2*c. Let i be (-1 - (-4 + 3))/c. Determine n(i).
-13
Let c(v) = -3*v - 2. Let x(n) = 10*n + 3. Let w(i) = c(i) + x(i). Let b(k) = -k**2 - 6*k - 2. Let g be b(-5). Suppose g*h = 2*h - 2. Give w(h).
-13
Let s(v) = -v**3 - 17*v**2 + 8*v + 29. Let g(k) = 3*k**3 + 36*k**2 - 15*k - 57. Let y(w) = -2*g(w) - 5*s(w). Calculate y(12).
-7
Let t(i) = -353*i - 1 + 173*i + 24*i**2 + 178*i. Give t(-1).
25
Let i(x) = x**2 + 14*x + 1. Let k(n) = 3*n**2 + 41*n + 2. Let a(z) = -8*i(z) + 3*k(z). Give a(-11).
-2
Let u(q) be the third derivative of 2/3*q**3 + 0 + 2*q**2 + 0*q - 1/8*q**4. Suppose i = -1 - 3. Determine u(i).
16
Let c(j) = j**2 - 4*j - 3. Let a be -8 - -8 - 4 - (-1 + -7). Suppose 0 = -10*q + a + 26. Calculate c(q).
-6
Let f(s) = s**3 + 6*s**2 + 3*s + 9. Let v(k) = k**2 + 14*k - 14. Let h be v(-16). Suppose -2*c + 5*c = -h. Calculate f(c).
-9
Let s(v) = -11*v**2 + 7*v + 3. Let p(l) = -9*l**2 + 7*l + 4. Let b(r) = 6*p(r) - 5*s(r). Calculate b(-6).
3
Let z(r) = 4*r - 11 + 4 + 0*r - 5*r. Let a(x) = 2*x + 15. Let i(t) = -2*a(t) - 5*z(t). Give i(0).
5
Let x be ((-10)/(-6))/((-10)/(-12)). Suppose -7*c + x*c = 5. Let m(r) = 1 + 4*r - 2*r**3 - 2*r + 2*r**2 + 6*r**3. Calculate m(c).
-3
Let l(s) = s**2 - 2*s - 1. Let f = 325 - 320. Determine l(f).
14
Let d(g) be the first derivative of 11 - g**2 + g + 4*g**2 - 3. Suppose 2*y - 2*b + 11 = y, -24 = 4*y - 4*b. Calculate d(y).
-5
Let r be (-6)/4 + 6/12. Let c(g) = -15*g - 5. Let t(o) = 15*o + 8. Let n(u) = 3*c(u) + 2*t(u). Determine n(r).
16
Suppose -2*z - 4 = -4*s, 3*s + 7 = -0*s + 4*z. Let b(a) be the second derivative of -a**3/6 - 14*a. Give b(s).
-3
Let k(q) = 56*q - 5 - 57*q + 9 + 8. Give k(6).
6
Let f(c) be the first derivative of -c**3/3 + c**2 - 28*c - 558. What is f(0)?
-28
Let m(w) = 38*w**2 + 15*w + 46. Let a(l) = 7*l**2 + 3*l + 9. Let y(t) = -11*a(t) + 2*m(t). What is y(-4)?
-11
Let t(l) be the third derivative of l**4/24 + l**3/6 - 27*l**2. Calculate t(5).
6
Suppose 3*s = 4*t + 22, 3*t + 14 = s - 0*t. Let h(z) = 4*z - 5. Let p be h(s). Let i(d) = -d**3 + 3*d**2 + d + 3. Determine i(p).
6
Let m(w) be the second derivative of -w**5/20 - 7*w**2/2 + w. Let b be (-3)/(-2)*(-66)/(-9). Suppose 12*s = b*s. What is m(s)?
-7
Suppose 24 = 3*z + 5*l, -3*z - 2*z = 4*l - 27. Let w(q) = -q - z - 3 - 1. Let t be 9/(-2) - 6*(-6)/(-72). Give w(t).
-2
Let y(o) = 2*o. Let j(g) = g**3 + 12*g**2 - 11*g + 20. Let d be j(-13). Give y(d).
-12
Let g(b) = -22*b + 15 - 8*b + 7*b + 9 + 2*b**2. Let a be g(10). Let r(d) = d**3 + 5*d**2 - 8*d - 1. Calculate r(a).
11
Let m(n) = n**3 - n**2 + 1. Let b = 165 + -167. Calculate m(b).
-11
Suppose -4*c - b - 11 = -55, 4*b = 0. Suppose 74 = -m + 65. Let f = m + c. Let n(p) = 4*p + 2. Give n(f).
10
Let d(w) = -w + 3. Let k(s) = s**3 - 5*s**2 - 6*s + 8. Let g be k(6). Suppose -9 = 3*b, g = 5*x - 4*b - 14. Suppose 0*m - 3*y = -x*m, -m + 14 = -5*y. Give d(m).
9
Let s(d) = -d + 5. Let n(c) = 2*c - 5. Suppose 5*h + 2*l - 4*l = -5, 0 = -2*l - 10. Let a(u) = h*n(u) - 4*s(u). Let f be ((-24)/8 + 2)*5. Calculate a(f).
5
Let d = -1 - -7. Let m(c) be the third derivative of -c**5/60 + 5*c**4/24 - c**3/6 - 131*c**2. Calculate m(d).
-7
Let m(n) = 5*n**2 - 5*n**2 + 4*n**2. Let d(l) = -l**2 + 1. Let b(a) = d(a) + m(a). Let y(p) = p - 27. Let u be y(26). Calculate b(u).
4
Let o(u) = -u**2 + 9*u - 6. Let b(t) = -4*t - 12. Let g be b(-4). Suppose -2*v = -g*i + 14 + 16, 25 = 4*i + 3*v. Determine o(i).
8
Let c be 1/(64/(-20) - -3). Let g(b) be the first derivative of b**2/2 + 5*b - 55. Give g(c).
0
Suppose 12 = -3*z, -4*z - 26 = 3*w + z. Let h(m) be the first derivative of m**3/3 + m**2/2 + 302. Calculate h(w).
2
Suppose 2*m - 16 = 4*s, 2*s + s = -3*m - 21. Let i(g) = -7*g - 6. Calculate i(s).
29
Let k(s) = -s - 10. Let p be k(-9). Let z(w) = 4*w - 2. Let q(y) = -y - 1. Let a(i) = p*z(i) - 5*q(i). Calculate a(0).
7
Let m(z) = 2*z**2 - z - 1. Let k be m(3). Suppose -r - 5*q + 21 = 0, r + 0*r - 19 = -4*q. Let d(c) = -6*c**2 + k*c + c**2 + 2 - r*c + c**3. Determine d(4).
-2
Let m = 326 - 324. Let k(f) = f**3 - 3*f**2 + 4. What is k(m)?
0
Let g(a) = 348*a**2 + 11 + 16*a - 347*a**2 - 4*a. Determine g(-8).
-21
Let v be ((-10)/7)/((-23)/(-161)). Let h(y) = -4*y - 13.